 greatest common factor of 510 and 7680?
30
What is the greatest common factor of 18 and 171?
9
Calculate the greatest common factor of 72 and 2208.
24
Calculate the highest common factor of 2655 and 3245.
295
Calculate the highest common divisor of 2162 and 94.
94
Calculate the greatest common factor of 1386 and 11.
11
What is the highest common factor of 47 and 376?
47
Calculate the greatest common factor of 303 and 3.
3
What is the highest common factor of 282 and 42?
6
What is the highest common factor of 267 and 12?
3
What is the highest common factor of 687 and 3?
3
What is the greatest common divisor of 106 and 53?
53
What is the greatest common divisor of 1296 and 232?
8
What is the greatest common factor of 105 and 4053?
21
What is the highest common divisor of 679 and 7?
7
Calculate the greatest common factor of 128 and 224.
32
What is the highest common factor of 24256 and 64?
64
Calculate the greatest common factor of 8 and 172.
4
What is the greatest common factor of 1 and 13?
1
Calculate the greatest common divisor of 88 and 4422.
22
What is the highest common divisor of 39245 and 235?
235
Calculate the highest common divisor of 54 and 45.
9
Calculate the greatest common factor of 817 and 38.
19
Calculate the highest common divisor of 384 and 336.
48
Calculate the greatest common divisor of 5330 and 1394.
82
Calculate the highest common factor of 697 and 164.
41
Calculate the greatest common divisor of 72 and 8.
8
Calculate the highest common divisor of 39 and 585.
39
What is the highest common divisor of 40 and 440?
40
Calculate the greatest common divisor of 41 and 451.
41
Calculate the highest common divisor of 405 and 2880.
45
Calculate the greatest common factor of 1252 and 4.
4
What is the greatest common divisor of 276 and 8188?
92
Calculate the greatest common divisor of 22 and 418.
22
What is the highest common divisor of 750 and 50?
50
Calculate the greatest common factor of 256 and 768.
256
Calculate the highest common divisor of 640 and 112.
16
What is the highest common divisor of 338 and 86?
2
Calculate the highest common factor of 201 and 6.
3
Calculate the highest common divisor of 11729 and 37.
37
Calculate the greatest common factor of 550 and 95.
5
What is the highest common factor of 57 and 7619?
19
Calculate the highest common divisor of 286 and 2262.
26
Calculate the greatest common factor of 84 and 6636.
84
What is the greatest common factor of 312 and 702?
78
What is the highest common factor of 50 and 5050?
50
Calculate the greatest common factor of 416 and 64.
32
Calculate the highest common divisor of 245 and 175.
35
Calculate the greatest common factor of 693 and 858.
33
What is the greatest common divisor of 30 and 6975?
15
What is the greatest common divisor of 21 and 343?
7
What is the greatest common factor of 35 and 41335?
35
Calculate the greatest common divisor of 4248 and 16.
8
Calculate the highest common divisor of 142 and 781.
71
What is the greatest common divisor of 16 and 11200?
16
Calculate the greatest common factor of 15 and 11.
1
Calculate the greatest common divisor of 27892 and 76.
76
Calculate the greatest common divisor of 36881 and 13.
13
What is the highest common factor of 266 and 154?
14
Calculate the greatest common divisor of 344 and 48676.
172
What is the highest common divisor of 682 and 110?
22
Calculate the highest common divisor of 702 and 216.
54
What is the greatest common factor of 10585 and 73?
73
What is the greatest common divisor of 289 and 153?
17
What is the highest common factor of 27 and 657?
9
What is the highest common factor of 418 and 13167?
209
What is the greatest common divisor of 2 and 34?
2
Calculate the greatest common divisor of 904 and 339.
113
Calculate the highest common factor of 416 and 32.
32
Calculate the greatest common divisor of 2340 and 140.
20
Calculate the highest common factor of 56 and 16.
8
What is the greatest common divisor of 560 and 35?
35
What is the highest common factor of 208 and 39?
13
Calculate the highest common factor of 22 and 1166.
22
What is the highest common divisor of 162 and 234?
18
What is the highest common factor of 1197 and 63?
63
Calculate the greatest common divisor of 3950 and 1264.
158
Calculate the greatest common divisor of 1743 and 35.
7
Calculate the highest common divisor of 17762 and 166.
166
What is the greatest common factor of 66 and 2519?
11
Calculate the highest common divisor of 252 and 36.
36
What is the highest common divisor of 5628 and 14?
14
Calculate the highest common divisor of 6424 and 88.
88
What is the highest common factor of 4116 and 84?
84
What is the greatest common divisor of 5 and 250?
5
What is the highest common factor of 90 and 1065?
15
What is the highest common factor of 36 and 27?
9
What is the greatest common divisor of 680 and 272?
136
What is the greatest common factor of 31 and 38099?
31
Calculate the greatest common factor of 42 and 350.
14
What is the highest common divisor of 236 and 8?
4
Calculate the greatest common factor of 38 and 3078.
38
Calculate the highest common factor of 63 and 9.
9
What is the greatest common divisor of 7 and 84791?
7
What is the highest common divisor of 105 and 245?
35
Calculate the highest common divisor of 22 and 26.
2
Calculate the highest common factor of 225 and 15825.
75
What is the highest common divisor of 154 and 420?
14
What is the highest common factor of 12 and 102?
6
Calculate the greatest common divisor of 20 and 230.
10
Calculate the highest common factor of 224 and 84.
28
What is the highest common factor of 145 and 87?
29
What is the highest common divisor of 52 and 234?
26
Calculate the highest common factor of 128 and 1.
1
What is the greatest common divisor of 279 and 27?
9
What is the highest common divisor of 580 and 40?
20
Calculate the greatest common divisor of 1764 and 108.
36
What is the highest common divisor of 334 and 1169?
167
Calculate the highest common factor of 20 and 540.
20
What is the greatest common divisor of 232 and 19256?
232
Calculate the highest common divisor of 24 and 84.
12
What is the highest common divisor of 416 and 2144?
32
What is the highest common divisor of 684 and 380?
76
What is the highest common divisor of 133 and 105?
7
Calculate the highest common divisor of 36 and 16.
4
Calculate the highest common divisor of 168 and 112.
56
Calculate the greatest common factor of 350 and 2700.
50
What is the greatest common factor of 264 and 33?
33
Calculate the greatest common factor of 1694 and 70.
14
Calculate the highest common factor of 2522 and 221.
13
Calculate the highest common divisor of 182 and 42.
14
What is the highest common divisor of 443 and 19935?
443
Calculate the highest common divisor of 1850 and 2146.
74
Calculate the highest common factor of 2 and 3738.
2
Calculate the highest common factor of 3000 and 75.
75
What is the greatest common factor of 7472 and 40?
8
What is the highest common divisor of 21 and 48?
3
What is the greatest common divisor of 432 and 3312?
144
Calculate the highest common factor of 80 and 65.
5
Calculate the greatest common factor of 40 and 184.
8
Calculate the greatest common divisor of 103 and 12875.
103
What is the highest common divisor of 11 and 4004?
11
What is the highest common divisor of 15 and 1385?
5
What is the greatest common divisor of 49 and 7?
7
Calculate the greatest common factor of 78 and 2561.
13
What is the highest common divisor of 5376 and 42?
42
What is the greatest common divisor of 208 and 793?
13
What is the greatest common factor of 404 and 202?
202
What is the highest common divisor of 34 and 459?
17
What is the highest common divisor of 30 and 870?
30
Calculate the highest common factor of 14 and 13342.
14
What is the highest common divisor of 1656 and 72?
72
What is the greatest common factor of 31 and 496?
31
What is the highest common factor of 29346 and 584?
146
Calculate the greatest common factor of 8149 and 58.
29
Calculate the highest common divisor of 990 and 22.
22
Calculate the highest common factor of 87 and 2175.
87
What is the greatest common factor of 16195 and 158?
79
Calculate the highest common divisor of 3160 and 8.
8
Calculate the highest common factor of 230 and 575.
115
Calculate the grea